f t?
1
Suppose -218 = 3*q + 46. What is the tens digit of q/(-5) - 6/(-15)?
1
Let y = 9 + -15. Let w(r) = r**2 + 7*r + 9. Let v be w(y). What is the units digit of (-1)/v*-3*7?
7
Let u = 7 + 54. What is the units digit of u?
1
Let g(f) = -3*f**3 - 2*f**2 + 4*f - 2. Let u be g(2). Let w be 4/6 - u/6. Suppose -2*c + w = 3*c. What is the units digit of c?
1
What is the hundreds digit of 7 + (9 - 18) - 1*-253?
2
Suppose v + 4 = 0, -6*v + v - 104 = -3*i. What is the units digit of i?
8
Suppose -g + 18 = 2. Let l = 15 - 10. Suppose l*a = 39 + g. What is the units digit of a?
1
Let g = 23 - 2. Suppose 2*y + y - g = 0. Let q = y + 6. What is the units digit of q?
3
Suppose -2*c - 2*c = -148. What is the units digit of c?
7
Let k(o) = 5*o**2 - 2. Let t be k(-4). Suppose -s - t = 2*s. Let v = -18 - s. What is the units digit of v?
8
Let m(x) = -x + 44. What is the units digit of m(-15)?
9
Suppose 3*h - 5*d + 15 = -d, -3*d = 2*h - 7. Let k = h + 2. What is the units digit of k?
1
Let n be 6*((-6)/(-2) + -2). Suppose n*v - 29 - 37 = 0. What is the tens digit of v?
1
Let g be -5 - 1/(-2)*2. Let r(j) = 2*j**2 - 2*j. What is the units digit of r(g)?
0
Let q(l) = -3*l**2 + 4*l - 1. Let d be q(-3). What is the units digit of 7/(-2)*d/5?
8
Suppose 10 = -2*w - 5*y, -3*w - 10 - 5 = 3*y. Let t(g) = -g**2 - 6*g - 2. Let l be t(w). Suppose -l*h - h = -16. What is the units digit of h?
4
Let r = 3 + -4. Let g be 1*(0 + -2 - r). What is the units digit of ((0 + 1)/g)/(-1)?
1
Let z(i) = -i**3 - 3*i - 2. Let p be z(-4). Suppose -4*u + 66 = -n, -3*n = 2*u + 3*u - p. What is the tens digit of u?
1
Suppose 12 = 2*d + 150. What is the units digit of d/(-1)*2/6?
3
Suppose -2*k + 0 = -26. What is the tens digit of k?
1
Suppose -7*g + 6*g + 18 = 0. Suppose 8 + g = 2*j. What is the units digit of j?
3
Let n(v) be the third derivative of v**5/60 + v**4/6 + 7*v**3/6 + 2*v**2. What is the tens digit of n(-5)?
1
Suppose 16 + 6 = 2*t + 2*y, 61 = 3*t - 4*y. Let u be (-2 + 7)*9/t. Suppose 12 = 3*v - u. What is the units digit of v?
5
Let a(g) = -g**3 - 7*g**2 - 9*g - 9. Let b be a(-6). Let o be 2/(-4) + (-22)/(-4). Suppose o*w - 2*w - b = 0. What is the units digit of w?
3
Let p(y) = -4*y**3 - 8*y**2 - 7*y - 5. Let v(m) = 3 + 6*m + m**3 + 1 + 2*m**3 + 7*m**2. Let f(c) = 4*p(c) + 5*v(c). What is the units digit of f(3)?
6
Let k(t) = -2*t**2 + 4*t + 3*t**2 + 2 + 0*t. What is the units digit of k(-4)?
2
Let u(c) = 3*c - 2. Let t(d) = -5*d. Let q be t(1). Let o = q - -7. What is the units digit of u(o)?
4
Let l(s) = 11*s**2 - 19*s - 5. What is the units digit of l(6)?
7
Let c = 10 + -6. Suppose c*m = -6 + 30. Suppose -2 + m = 2*g. What is the units digit of g?
2
Suppose -z = -2*z - 5*u + 43, 2*z + 4*u - 56 = 0. What is the tens digit of z?
1
What is the units digit of 2*-1*(-140)/14?
0
Suppose 0 = 8*u - 4*u + 16. Let r = u + 5. What is the units digit of r?
1
Let g(c) = 4*c - 7. Let b(h) = -h - 1. Let m(w) = -2*b(w) - g(w). What is the tens digit of m(-12)?
3
Let o(f) = -f**2 - 4*f + 4. Let c be o(-5). Let v = 1 + c. Suppose v = 5*d - 1 - 9. What is the units digit of d?
2
Let i(t) = 2*t + 2. Let g be i(2). Suppose -o = -3*o + g. Let k = o - -9. What is the units digit of k?
2
Let s(q) be the first derivative of -q**4/4 - 4*q**3 - 11*q**2/2 + 12*q - 5. What is the units digit of s(-11)?
2
Let t(g) = g**3 + 5*g**2 + 6. Let b be t(-6). What is the units digit of (-2)/((-27)/b - 1)?
0
Let b(k) = 0*k + 6*k - k**2 + 3*k**2. What is the units digit of b(-5)?
0
Let q = -213 + 359. What is the hundreds digit of q?
1
Suppose 3*l = 13*l - 1270. What is the units digit of l?
7
Suppose -6 = -2*f - 0. Suppose 3*l = -f + 15. Suppose -5*k - l*a + 21 = 0, -2*k + 0 + 18 = 4*a. What is the units digit of k?
1
Let g(d) = -d**2 + 6*d - 2. Let h be g(5). Suppose -4*n + 5 = -h*n. What is the units digit of n - (2 + 1/(-1))?
4
Suppose -31 + 385 = 2*n. What is the tens digit of n?
7
Let o = -11 - -13. Suppose -3 = -u - o. What is the units digit of u?
1
Suppose 0 = -3*g + 5*g + 2. Let n(j) = -3*j + 1. What is the units digit of n(g)?
4
Suppose 3*d - 2*z - 16 = 0, 15 = -z - 2*z. Suppose -s - s = -d. What is the units digit of s?
1
Let q(w) = -2*w**2 - 5*w - 3. Let d be q(-3). Let c(b) = -1 + 0 + 3 - b + 2. What is the units digit of c(d)?
0
Let t = -1 + -6. Let x = 12 + t. What is the units digit of x?
5
Let x(c) = 0*c + 3 - 3*c + 4*c. Let t be x(-6). Let n = 1 - t. What is the units digit of n?
4
Let l = -53 + 28. Let o be (-8)/(-5) + 15/l. Suppose -s - z + o = -5, 29 = 4*s - z. What is the units digit of s?
7
Suppose 14 = 5*s + l, 2 = -4*s + 3*l - 2. Suppose -p + 24 = s*r + p, -5*r - 2*p = -45. What is the units digit of r?
7
Suppose 0 = 5*u - 8*u + 372. What is the tens digit of u?
2
Let l = -13 + 31. What is the tens digit of l?
1
Suppose 3*m - 88 = -m. What is the units digit of m?
2
Let b = 30 - 18. Suppose c + b = 5*c. Suppose 8 = -u - c*l, 2*l = -3*u + 7*u - 24. What is the units digit of u?
4
Suppose 4*r - 4*z = 304, 32 = r + 4*z - 34. What is the units digit of r?
4
Suppose -p - 16 = 3*u - 0, 2*p + 4*u + 22 = 0. Let a = 4 - p. Suppose x = -a*d - 19, -2*x + 18 = -4*x - 5*d. What is the units digit of x?
1
Let n be 5 - (2 - 6/3). Suppose 6 = 2*o, -3*o = -2*s - 2*o + n. Let w = s - 2. What is the units digit of w?
2
Let z(a) be the second derivative of -a**3/6 + 3*a**2 - 2*a. What is the units digit of z(0)?
6
Let r be 12*(10/4 - 0). Suppose -4*o + 2*o + g = -12, g - r = -4*o. What is the units digit of o?
7
Suppose -2*r + 2 = 3*v - 6*r, 2*v - 24 = -3*r. Let p(x) be the third derivative of x**6/120 - x**5/12 - x**4/4 + x**3/3 - x**2. What is the units digit of p(v)?
2
Let g(u) = -u**2 + 8*u - 6. What is the units digit of g(7)?
1
Let j(b) = -17*b**2 + 1 + 26*b**2 + 21*b**2. What is the units digit of j(1)?
1
Suppose -3*a = -6*a - 75. Let d = a + 57. What is the units digit of d?
2
Suppose 20 = 3*b - b. What is the units digit of b?
0
Suppose -1 = n + 4. Let q = n - -9. What is the units digit of q?
4
Suppose 3 = -2*u + 5*u. Let r(n) = -2*n - u + 16*n - 4*n. What is the units digit of r(1)?
9
Let f = -17 - -89. What is the tens digit of f?
7
Let v be (-96)/3*(-1)/(-2). What is the tens digit of 2*4/v*-54?
2
Suppose 0 = -5*s - 3*a + 5*a - 25, -2*a - 3 = -s. Suppose 49 = 5*y + b, 2*b + 22 = 2*y - 0*b. Let m = y + s. What is the units digit of m?
3
Let a = -65 + 37. Let s = -19 - a. What is the units digit of s?
9
Let a be (4 + -1)*(-10)/(-6). Suppose -a*t - 3*f + 67 + 153 = 0, -3*t = -4*f - 161. What is the tens digit of t?
4
Suppose 5*h + h - 1212 = 0. What is the hundreds digit of h?
2
Suppose 4*l - 31 = t, 3*t + 8 = 5*l - 22. What is the units digit of l/(-15)*-35*1?
1
Suppose -3*t + 8*t = -o + 322, -3*t + 3*o + 204 = 0. What is the tens digit of t?
6
Suppose -4*v - 87 = -5*v + 5*l, -2*v - l = -163. What is the tens digit of v?
8
Let p(c) = -c + 5. Let q be p(5). Let r = -12 + 13. Let d = r + q. What is the units digit of d?
1
Let n(q) = q - 1. Let t be n(2). Let p = 6 + t. What is the units digit of p?
7
Let p = 7 - 6. Let g(m) = 14*m**3 + m**2 - 2*m + 1. What is the units digit of g(p)?
4
Let t(u) = 4*u + 4. Let x be t(-3). Let a = -6 - x. What is the units digit of a?
2
Let s(m) = m**2 + m + 22. Let f be 9/2 - 3/(-6). Suppose -j - 8 = 4*j + 4*q, -2*j = -f*q - 10. What is the units digit of s(j)?
2
What is the units digit of (1 - 34)*(-4 - 1)?
5
Suppose 16 - 6 = q. Suppose 0*c + 1 = -3*r - 2*c, 2*c = -q. What is the units digit of r?
3
Suppose -s = -3*l + 91, 2*l - 3*s = -l + 87. What is the tens digit of l?
3
Let l(b) be the second derivative of b**4/24 + b**2/2 - b. Let x(u) be the first derivative of l(u). What is the units digit of x(8)?
8
Suppose -4*g - 2*f = 4, -3*f = g - 10 + 1. Let a be 2 + g + 0/(-2). What is the tens digit of (-10)/(a + (-2 - -2))?
1
Suppose m = -m + 38. What is the units digit of m?
9
Suppose -3*v + 200 = v - 4*j, -3*v + 154 = -2*j. What is the tens digit of v?
5
Suppose 0 = -326*o + 331*o - 860. What is the hundreds digit of o?
1
What is the units digit of (6 + -48 + 3)*5/(-3)?
5
Suppose 5*o - 1568 = -2*o. What is the tens digit of o?
2
Let h be (-6)/(-4)*(-280)/(-15). Let r(j) = j**2 + 4*j - 3. Let l be r(-5). Suppose -l*o + h = -0*o. What is the tens digit of o?
1
Supp